3 - 3*n**2 + 4*n + 235369. Is i(0) a composite number?
False
Let y be ((-7)/(-4))/((75/3260)/15). Let v = y + 25786. Is v a composite number?
False
Let z be -115 - (-35)/(-14 - -7). Is z/180*49122/(-4) a composite number?
True
Suppose -130*b - 3*b + 9790866 = 1387261. Is b a prime number?
False
Is 37222 - (-11)/(143/91) a prime number?
False
Let n(o) = -256*o**3 - 10*o**2 - 10*o + 77. Is n(-5) a composite number?
True
Let i(p) = 143*p**2 + 22*p + 23. Suppose -10*a - 17 = -7*a - z, -10 = a + 4*z. Is i(a) a composite number?
False
Let j = 1111 + 6661. Suppose -6*d + j = -37336. Suppose -6*x + 0*x = -d. Is x composite?
True
Let g(t) = 68*t**3 - 21*t**2 + t - 20. Let x be g(9). Suppose 9*a - 29*a = -x. Is a a prime number?
True
Let b be 30*(44/85 + 6/(-51)). Let g be (-2)/b + 4/((-24)/17). Let d(i) = -68*i - 13. Is d(g) a prime number?
True
Let r be ((-579)/12)/(3 - (-65)/(-20)). Let i = 2136 + r. Is i a composite number?
True
Suppose 3*r + 18422359 = 198*r + 44*r. Is r a prime number?
True
Let b = 956430 - 652729. Is b a composite number?
True
Let a(l) = 2*l - 3. Let p be a(4). Let m be p/10 - (-370)/4. Suppose 4*b + 12 = 0, -u - 2*b = -m - 124. Is u a prime number?
True
Suppose -122*t = -60*t - 69*t + 206689. Is t a prime number?
True
Let w be ((-256)/(-24))/((-2)/(-6)). Suppose -w = 7*v + 38. Is (-1)/(v/4) - 13881/(-35) a composite number?
False
Let f(b) = -b**3 - 34*b**2 + 1947*b - 131. Is f(-105) a composite number?
False
Let c = 431 + -424. Is (-9)/21 - (-18266)/c a composite number?
False
Let t be 8/10*(-50)/(-20). Suppose -5*y = -5*l + 38120, -4*l + 0*y = -t*y - 30490. Is l a composite number?
False
Suppose 43*j - 75*j = -3752608. Is j composite?
False
Let o be (793710/20)/((-1)/(-2)). Suppose -22904 = -5*b + o. Is b prime?
False
Let h = -3248 - -4357. Is h a prime number?
True
Let j(v) be the first derivative of -743*v**2/2 + 22*v + 110. Is j(-3) a prime number?
True
Let x = -1381 - -2050. Let b = -1718 + 1718. Suppose y = -b*y + x. Is y a composite number?
True
Let p(w) = -106*w**2 + 12*w + 14. Let s be p(-8). Let g = -3144 - s. Suppose 4*f + f - 2*n - 9329 = 0, -2*f + g = 4*n. Is f prime?
False
Let o(v) = 40640*v - 1627. Is o(3) composite?
False
Let i = 3609 + -16911. Let o = i + 35263. Is o a composite number?
False
Suppose 4*v = 19*v - 90. Is (-1814)/(196/35 - v) composite?
True
Let l be (21/19 - (-10)/(-95))*1762. Suppose -15*p + 143 = -l. Is p prime?
True
Suppose 0 = 4*t, -3*r + 6*r + 2*t - 1255737 = 0. Is r a prime number?
False
Let d(k) = 2*k**3 + 13*k**2 + 3*k - 16. Let r be d(-6). Let s(n) = 5325*n - 73. Is s(r) prime?
False
Let t(i) = -i. Let x be t(13). Let a = x + 34. Let w(l) = l**2 - 9*l + 17. Is w(a) prime?
True
Let a(k) = -k**2 + 8*k + 12. Suppose 0 = -t - 0*t + 9. Let i be a(t). Suppose -2*s = 4*f - 590 - 226, -i*f - 3*s = -615. Is f a prime number?
False
Let n(r) = 44 + 3*r + 17*r - 90*r - 27*r. Is n(-5) prime?
False
Suppose -2*x = 12, -3*h + 819693 = 7*x - 5*x. Is h prime?
False
Suppose 0 = 138*y + 499414 - 22287822 + 1365650. Is y a prime number?
False
Is 72863 - (6/(-9))/(9/(-54)) a prime number?
True
Suppose 1846811 = 5*h + 3*n, 179*h - 175*h - n - 1477442 = 0. Is h a prime number?
True
Suppose -5*i + 2*i - 3 = 0. Let d(g) = -739*g - 3158 + 150*g + 3156. Is d(i) a prime number?
True
Suppose 5398613 + 20378766 = 157*p - 90*p. Is p a prime number?
True
Let k = 37148 + 480170. Is k a prime number?
False
Let r(j) = 814*j**2 + 18*j - 387. Is r(11) prime?
False
Let v(t) = -61*t + 154. Let w be v(9). Let x = w - -514. Is x a prime number?
False
Let t(s) = -112*s + 7 + 26*s - 43*s. Let l = 12535 - 12538. Is t(l) composite?
True
Let c(t) = -25*t - 19. Suppose 4*k + 5*v + 70 = 0, v - 2*v = 2. Let m be c(k). Let h = -179 + m. Is h composite?
True
Let x = -1367 - -1425. Let z = 40 - -489. Let c = x + z. Is c prime?
True
Let a(j) = -33 + 30*j**2 - 5*j**2 + 28*j - 45*j**3 + 46*j**3 - 6. Let l be a(-23). Let c = l - -296. Is c prime?
False
Suppose -4*f - 242400 = -4*i, f = -105*i + 104*i + 60602. Is i composite?
False
Let y = 10077 - 6852. Suppose -n + 6*n + 2*g = -y, 3*g - 15 = 0. Let s = 1044 + n. Is s a composite number?
False
Let a = -204 - -260. Suppose 4*q - 5*f = -52 + 183, -5*q + 151 = -2*f. Let p = q + a. Is p composite?
True
Let g(b) = 19*b**2 - 2*b - 14. Let x(v) be the first derivative of -v**3/3 - v**2/2 + v + 4. Let l(w) = g(w) + 4*x(w). Is l(9) composite?
False
Suppose 0 = -19*j + 1234222 + 168871. Is j composite?
False
Let y(i) be the first derivative of -19 - 29*i**2 - 7*i - 20*i**2 + 2*i. Is y(-6) prime?
False
Suppose 10*a - 32968 = -335128. Let b = -12865 - a. Is b a prime number?
True
Suppose 0 = -3*b - 3*k + 738, -3*k + 250 = -20*b + 21*b. Suppose 0 = r - b - 255. Is r a composite number?
False
Let o(r) = -14*r + 9. Let u(c) = -c**3 - 5*c**2 + 7*c + 8. Let i be u(-6). Let j be (5/i + 0)*-2. Is o(j) prime?
True
Let g(v) be the second derivative of -v**5/4 + 11*v**4/12 - 11*v**3/6 + 11*v**2 - 2*v + 105. Is g(-9) a composite number?
False
Suppose 4*i = 101319 - 14735. Suppose -6*p = -4*l - 3*p + i, 5*l - 27058 = 4*p. Is (l/8)/((-10)/(-40)) composite?
True
Let l be (0 + 1 - -3) + 90. Suppose b - 725 = -l. Is b prime?
True
Let u be (-6)/(-4 + 1) - 0. Is (10/u - 2)*(-32266)/(-102) a composite number?
True
Let z(n) = -951*n**2 - 2*n - 2. Let a be z(-2). Let v(u) = 13*u**2 + 168*u - 4. Let m be v(-13). Is a/(-1)*m/18 composite?
False
Suppose 3*k = -3, -4*k + 2*k + 6 = 4*j. Is j/4 + (-23)/(-46) + 5500 prime?
True
Let d = 158 - 154. Suppose 3*h = 4*h + 4*j + 1, 3*j = d*h - 15. Is h composite?
False
Let r(b) be the first derivative of 29*b**4/3 + 13*b**3/6 + 15*b**2/2 - 14. Let t(c) be the second derivative of r(c). Is t(3) composite?
False
Suppose 143*u = 137*u + 90402. Suppose 2*s - 19*v - 10044 = -17*v, -3*s + u = -4*v. Is s a prime number?
True
Suppose -31*x = 109*x - 47*x - 37868019. Is x prime?
False
Let o(t) = t**3 - 4*t**2 + 2*t + 1. Let x be o(6). Suppose 5*y + 117 = -2*w, -w - 2*w - 147 = -2*y. Let z = x + w. Is z a prime number?
False
Suppose 5*p - 250 = 3*x, -2*p + 3*x = 15 - 124. Let h = p + -44. Suppose -h*s + 4868 = -2371. Is s a prime number?
False
Let v = 201 + -201. Let t be -2 + 5 + (2 - -239). Suppose v = 2*g + t - 1038. Is g composite?
False
Is 4/(8551235/777381 + -11) prime?
False
Let u = -3555 + 1268. Let t be u/(2 - (-9)/(-3)). Suppose 5*m - 2*o - t = 0, -2*m - o + 5*o = -918. Is m a prime number?
True
Let m(s) = -7*s**3 - 327*s**2 + 80*s + 311. Is m(-60) composite?
False
Let o = -54 - -57. Suppose -o*p = -5*p - 10, -6 = j + p. Is (j/2)/((-202517)/(-33754) - 6) a prime number?
True
Suppose 0 = r - 3*z + 7, 2*z - z = -r - 3. Is -4767*(-1)/3 - r/(-1) a prime number?
False
Suppose 3*u - 80680 = -5*p, 7*p + 32288 = 9*p - 2*u. Is p prime?
True
Suppose 14 = 5*i - 11. Suppose -206 = -i*d + 229. Is d a prime number?
False
Let m be (-3)/(-5 - (-2492)/499). Let n = m - 308. Is n prime?
True
Let r(p) = -p**2 + 20*p - 62. Let i be r(16). Suppose 4*b - 2*x - 33228 = 0, 5*b + 0*x - i*x = 41537. Is b composite?
True
Suppose 0 = 3*m + 3 - 12. Suppose m*z + 15737 = 110303. Is z composite?
True
Suppose -22 = 21*b - 85. Suppose -2*k + 1354 = 4*r, -7*r + 3373 = 5*k - b*r. Is k a prime number?
True
Suppose -16*i + 108 + 52 = 0. Let a(z) = 6*z**3 - 19*z**2 + 58*z - 19. Is a(i) a prime number?
False
Let d(j) = -j**2 + 5*j + 9. Let a be d(6). Suppose 5*i - 16 = 4*c, -16 = c + a*c. Is (i - 4/(-6))/((-4)/(-5262)) a composite number?
False
Suppose 0 = -4*z - 2*t + 3350, -3*z + 8*z - 4195 = -5*t. Suppose 3*f = 3830 - z. Is f a prime number?
False
Let g = 47 - 49. Let n be 1*(g - -1)*-194. Suppose 7*i - n = 5*i. Is i a composite number?
False
Suppose -k - 5 = 0, -k = -6*i + 3*i + 35. Is (-1)/(-2 + 18/i) + 902 a composite number?
False
Suppose 0 = 7*s + 3148 + 4482. Let o = s - -5226. Suppose 262 = 6*z - o. Is z a prime number?
True
Suppose 2*u - 438 = -4*o, -83 - 24 = -o - u. Let h = o + 781. Is h composite?
True
Let d(b) = 93*b - 234. Let f be d(6). Suppose -q = -3*h + 19649 + f, -q - 26632 = -4*h. Is h a prime number?
True
Let h(i) = -15*i + 3. Let l be h(-6). Suppose 92*q - 9856 = 70*q. Let g = q + l. Is g prime?
True
Suppose 2*m - 4*y - 92 = 0, 3*m - 7*m = -y - 191. Suppose m*n - 3678 = 42*n. Is n a prime number?
Tru